mainder when l(y) is divided by 10?
8
Calculate the remainder when 1*(-7)/((-35)/30) is divided by 3.
0
Let z = 2 - 0. Suppose -2*y + 8*g + 105 = 5*g, 4*g = z*y - 110. Calculate the remainder when y is divided by 12.
9
Let x(q) = 2*q**3 + 6*q**2 + 4*q. Let z be 0 + -7 - (-4 - -1). Let n be x(z). Let y = n - -91. Calculate the remainder when y is divided by 22.
21
Suppose -2*j - j = -2*d + 33, -5*j - 7 = 2*d. Let l = d + -2. Let w(x) = -x**3 + 3*x**2 + 3. Calculate the remainder when l is divided by w(3).
1
Let l(n) = -n**3 - 6*n**2 - 3*n + 4. Let h be l(-7). Let y = h + -52. Calculate the remainder when 1 + 41 - (-3 - -3) is divided by y.
20
Suppose -d + 260 = 4*d. Suppose d = 3*b - 2*b. What is the remainder when b is divided by 18?
16
Let f = 15 - 3. Suppose -r = -s - 0*s + f, 5*r = -s - 12. What is the remainder when 30 is divided by s?
6
Let n be 30/24 + 1/(-4). Let z be (-342)/(-4) + n/(-2). Suppose 5*o = -0*g + 5*g - z, -g + 9 = -5*o. What is the remainder when 56 is divided by g?
18
Suppose -j - 4*j + 15 = 0. Let x(d) = d**3 - d**2 - d - 8. Calculate the remainder when x(3) is divided by j.
1
Let k(q) = -q**2 - 5*q - 4. Let i be k(-3). Suppose s = 3*w - 39, -7*w - i*s + 65 = -2*w. Let z = 13 + w. What is the remainder when z is divided by 14?
12
Let y = -52 + 75. Suppose -2*c = -13 - y. What is the remainder when c is divided by (10/(-4) - -2)*-20?
8
What is the remainder when 55 is divided by (-216)/(-15) + ((-24)/15)/4?
13
Suppose 0 = -3*i + 5*c + 29, -4*i = -0*i + 5*c - 27. Calculate the remainder when 37 is divided by i.
5
Let v be -2 + (-1)/(2/(-12)). Suppose 2*q - v*q = -62. Calculate the remainder when q is divided by 8.
7
Let q(n) = n**2 + n + 26. Let g = 0 - 0. Calculate the remainder when q(g) is divided by 7.
5
What is the remainder when 85 is divided by (-50)/(-1) - (-5)/(-1)?
40
Let w = 23 + -11. What is the remainder when 33 is divided by w?
9
Let w = 6 + -3. Suppose 2*u - 5*t = -2*u + 91, 0 = 3*u - w*t - 72. What is the remainder when u is divided by 10?
9
Suppose 5*i + 50 + 215 = 0. Let w = -44 + i. Let a = -58 - w. Calculate the remainder when a is divided by 14.
11
Suppose 7*d - 5*d - 4 = 0, 3*j + 4*d - 14 = 0. Calculate the remainder when 11 is divided by j.
1
Suppose 101 = 7*r - 6*r. Suppose -3*c - 4*q = -180, -3*q - 2 = -2*c + r. Let i = -13 + c. Calculate the remainder when i is divided by 15.
13
Suppose -2*n = -4*g + g - 11, -2*n + 5 = -g. Calculate the remainder when 29 is divided by (n/2)/(1/20).
9
Calculate the remainder when 234 is divided by (3 - 0 - -41) + 3.
46
Let d(o) = 2*o - 2. Let u be d(2). Suppose u*m = m + 15. Let w(p) = 2*p**2 - 4*p - 2. Calculate the remainder when w(5) is divided by m.
13
Let m = -10 + 17. Suppose -x + m = -2. What is the remainder when 35 is divided by x?
8
Suppose -72 = -2*k + 6*k. Let b(p) = -p**3 - 11*p**2 - 2*p - 9. What is the remainder when b(-11) is divided by 188/36 - (-4)/k?
3
Let n = -9 - -34. Calculate the remainder when n is divided by 14.
11
What is the remainder when 48 is divided by (4 + -2)/((-2)/(-25))?
23
Let b(r) = -3*r - 24. What is the remainder when 94 is divided by b(-16)?
22
Suppose 9*i - 30 = 6*i. Let m = i + -2. What is the remainder when m is divided by 3?
2
What is the remainder when 52 is divided by (4/(-28)*6)/((-3)/63)?
16
Suppose 0 = -2*i + 4 + 4. Let b(o) = 6*o**2 - o - 1. What is the remainder when b(-1) is divided by i?
2
Let l(p) = p**2 - 6*p + 5. Let w be l(6). Suppose 0 = y + 5*b - 14, -w*b + 10*b + 5 = 0. Suppose 96 = 5*o - y. What is the remainder when o is divided by 12?
11
Let n(t) = -t**2 - 14*t + 7. Let j = -31 - -20. Calculate the remainder when n(j) is divided by 14.
12
Let r be (-24)/4*(-15)/2. Calculate the remainder when r + (-2)/(4/6) is divided by 11.
9
Let g be 8*(-3 - 7/(-2)). Suppose 3*j - 2*p = g*j - 10, -4*p = 4*j - 56. What is the remainder when 35 is divided by j?
17
Let m(j) = -j**3 + j**2 + 6. What is the remainder when m(-3) is divided by 15?
12
Let v(y) = y**2 - 9*y. What is the remainder when 17 is divided by v(10)?
7
Suppose -4*x - 79 = -o, 2*x = -0*x. What is the remainder when o is divided by 16?
15
Suppose 20 = 4*q - 2*l - 30, -q - 2*l = -5. Suppose 44 = y - q. Let x = -15 + y. Calculate the remainder when x is divided by 14.
12
Let g(x) = -x**3 + 6*x**2 + 9*x - 10. Let p be (0/(2 + -5))/2. Suppose p*v + 2*v - 22 = 0. Calculate the remainder when v is divided by g(7).
3
Suppose 0 = -4*w + 5 + 11. Let n(u) = 10 - 5 + 2*u + 0*u. Calculate the remainder when 37 is divided by n(w).
11
Suppose 2*w = 4*a + 28, -w + a = 4*w - 25. Suppose w*x = 4*q, -20 = -5*x + x - q. What is the remainder when x is divided by (2/(-3))/(2/(-6))?
0
Let g = -2 + 10. Suppose t - 20 = -4*b - t, -5*t = 3*b - g. Calculate the remainder when (1*11)/(-1 - -2) is divided by b.
5
Let m(g) = 0*g + 19*g**2 + 1 + 2*g - 6 + 3. Calculate the remainder when 35 is divided by m(1).
16
Suppose -104 = -4*c - 0*c + 3*r, 2*r = 8. Suppose 5*h = -5*i + 70, -2*i - 4*h = 12 - 48. Calculate the remainder when c is divided by i.
9
Suppose -x - 250 = 4*x. What is the remainder when 5/(x/(-36))*5 is divided by ((-30)/(-8))/(66/176)?
8
Let z(s) = 9*s - 31. What is the remainder when z(18) is divided by 33?
32
Let y = -4 - -11. Suppose -14 = -a + y. Calculate the remainder when 39 is divided by a.
18
What is the remainder when (-4)/(-14) - (-696)/14 is divided by 13?
11
Let m = -52 + 116. Calculate the remainder when m is divided by (-4)/(-10) - (1296/30)/(-2).
20
Suppose -2 = 3*s + 67. Let v = s + 48. Calculate the remainder when 46 is divided by v.
21
Let z(a) = -a**3 - 7*a**2 + 7*a + 8. Suppose 0 = -4*d - 32. Calculate the remainder when ((-8)/(-6))/((-4)/(-90)) is divided by z(d).
14
Let h(z) = -z**3 - z**2 + 3*z - 2. Let v(q) = 4*q + 5. Let t(f) = f + 1. Let u(j) = 6*t(j) - v(j). What is the remainder when u(6) is divided by h(-3)?
6
Let x = 1 - -8. Suppose -24 = -o - 8. What is the remainder when o is divided by x?
7
What is the remainder when 6/(-3) + (-2 - 24/(-2)) is divided by 3?
2
Suppose -5*z - 5 = 15. Let g(m) = -2*m**3 - 5*m + 2. Let j be g(z). Suppose -d + 5*d - 2*x = j, -5*d + 198 = x. What is the remainder when d is divided by 20?
19
Calculate the remainder when 8/(-12)*-7*33/2 is divided by 40.
37
Suppose 2*v = 21 - 3. What is the remainder when 33 is divided by v?
6
What is the remainder when ((-1)/3)/(3/342*-1) is divided by 16?
6
What is the remainder when 28 + 1 + 0 + 2 + 1 is divided by 7?
4
Let f(z) = 9*z - 4. Let h(g) = 8*g - 5. Let v(b) = -5*f(b) + 6*h(b). What is the remainder when v(7) is divided by 7?
4
Suppose 4*r - 4*t = t + 85, -2*r = -t - 41. What is the remainder when r is divided by 11?
9
Let o = 28 - 1. Calculate the remainder when 80 is divided by o.
26
Calculate the remainder when 7 is divided by (-10)/35 + (-48)/(-21).
1
Let i = -41 - -57. Calculate the remainder when 46 is divided by i.
14
Suppose 0*z - 4 = -2*z. Suppose 3*d - 3*o + 42 = 7*d, 0 = -z*d + 2*o + 28. Calculate the remainder when d is divided by 14/(-1)*2/(-4).
5
Let t(i) = -i**3 + 8*i + i**2 - 4*i**2 - 4*i + 5*i + 1. Let n(z) = 5*z**3 - z**2 - z - 1. Let f be n(-1). Calculate the remainder when t(f) is divided by 19.
17
Suppose 2*o + o = -36. Let d = -6 - o. Suppose -13 - d = -r. What is the remainder when 36 is divided by r?
17
Let q be 108/(-11) + 2/(-11). Let y = q + 29. Let p = -82 - -137. Calculate the remainder when p is divided by y.
17
Let n = -2 + 2. Suppose -8*t + 4*t - 164 = n. Let s = -24 - t. What is the remainder when 49 is divided by s?
15
Suppose 0*c - 18 = -c. Suppose x - 3*x = -c. What is the remainder when x is divided by 6?
3
Let c be -1*(-5)/(5/(-3)). Calculate the remainder when c*-1*106/6 is divided by 18.
17
Let y(q) = 10*q**2 - 4*q - 2. Let g be y(-5). Suppose -3*w + 46 = g. Calculate the remainder when 23 is divided by 6/(-27) - w/9.
7
Let q = 1 + 0. Let c = 5 - q. Let j(t) = 3*t - 9. Calculate the remainder when j(5) is divided by c.
2
Suppose 0*x = -4*x + 24. Suppose 2*m - x = 0, 9 + 3 = 5*i + 4*m. Suppose -n + l + 12 + 0 = i, -3*n + 30 = 3*l. What is the remainder when 32 is divided by n?
10
Let x(t) = t**2 - t - 5. Let s be x(-4). Suppose -3*r - r + 5*d = -s, -2*r + 4*d + 6 = 0. Calculate the remainder when ((-6)/2)/((-3)/14) is div